{"id":272,"date":"2025-11-14T15:34:10","date_gmt":"2025-11-14T13:34:10","guid":{"rendered":"https:\/\/zanderland.fi\/espanol\/?page_id=272"},"modified":"2026-02-11T12:48:25","modified_gmt":"2026-02-11T10:48:25","slug":"especies","status":"publish","type":"page","link":"https:\/\/zanderland.fi\/espanol\/especies\/","title":{"rendered":"Especies de peces"},"content":{"rendered":"\n<p>En las aguas de la regi\u00f3n Tampere viven 40 especies de peces, de las cuales m\u00e1s de diez son objeto de la pesca deportiva. El lucio, la lucioperca y la perca son las presas m\u00e1s extendidas. La \u00e9poca de pesca en aguas abiertas sin hielo dura desde principios de mayo, tras la fundici\u00f3n del hielo, hasta finales de noviembre.<\/p>\n\n\n\n<h2 class=\"wp-block-heading\">Enormes luciopercas y lucios en el punto de mira<\/h2>\n\n\n\n<p>Los lagos m\u00e1s grandes son las perlas de la regi\u00f3n. Los lagos de Kyr\u00f6sj\u00e4rvi, Pyh\u00e4j\u00e4rvi, Rautavesi y Ruovesi pertenecen a la \u00e9lite de aguas ricas en luciopercas. La lucioperca se encuentra en casi todos los lagos grandes y tambi\u00e9n en muchos lagos medianos y peque\u00f1os. Los bancos de lucioperca est\u00e1n aumentando su poblaci\u00f3n y numerosas grandes presas terminan en las barcas cada a\u00f1o. La \u00e9poca de la lucioperca es junio-agosto.<\/p>\n\n\n\n<p>El lucio y la perca son las presas m\u00e1s comunes de los pescadores, las cuales pueden perseguirse en cualquier lago. \u00a1Le podemos garantizar que el peligro de encontrarse con un enorme ejemplar de lucio acecha constantemente en las aguas! El lucio muerde el anzuelo en toda la \u00e9poca de pesca en aguas sin hielo, mientras que la perca lo hace desde junio hasta septiembre. En agosto empieza el mejor tiempo de pesca de la perca. El oto\u00f1o tambi\u00e9n es una buena \u00e9poca para la pesca de cangrejos.<\/p>\n\n\n\n<h2 class=\"wp-block-heading\">Salm\u00f3nidos en lagos y r\u00e1pidos<\/h2>\n\n\n\n<p>Los peces depredadores de carne roja, la trucha de lago y el salm\u00f3n de lago, muerden el anzuelo con avidez en los lagos de N\u00e4sij\u00e4rvi y Pyh\u00e4j\u00e4rvi, alrededeor de Tampere, as\u00ed como en otros muchos lagos grandes. La primavera y el final del oto\u00f1o son las \u00e9pocas de pesca con cebo de arrastre de estos salm\u00f3nidos amantes de las aguas fr\u00edas. En verano tambi\u00e9n es posible pescarlos si se incorpora al sedal una plomada para sumergirlo y mantenerlo en profundidad.<\/p>\n\n\n\n<p>En la pesca en r\u00e1pidos y cascadas, las presas del pescador con ca\u00f1a de lanzar o de pesca con mosca son la trucha, la trucha arco iris, el t\u00edmalo y el idu u orfe. Algunos r\u00e1pidos estupendos son, entre otros, el de Kotalan Kosket en Virrat, el de Vilppulankoski y el de Aurejoki en Ikaalinen.<\/p>\n\n\n\n<p>El pez aspio, que crece bastante en tama\u00f1o entre los de la especie del rutilo, puede pescarse asiduamente en el r\u00e1pido de Kulo-Rautavesi, en el de Siuronkoski en Nokia y en el de Kuokkalankoski en Lemp\u00e4\u00e4l\u00e4.<\/p>\n\n\n\r\n<div\r\n\tclass=\"wp-block-sivuseppa-post-list-and-interactivity-filters-demo\"\tdata-wp-interactive=\"postListFilters\"\r\n\tdata-wp-context='{\"uniqueId\":\"1\",\"postsPerPage\":-1,\"postType\":\"fish_species\",\"pageQueryVar\":\"filter-page-1\",\"currentPage\":1,\"postTaxonomies\":[\"region\",\"species\"],\"selectedTaxonomies\":[],\"loaderDisplay\":\"none\",\"cardOpacity\":1}'\tdata-wp-router-region=\"filterable-post-list-1\"\r\n>\r\n\t<div \r\n\t\tclass=\"filterable-post-list-filters sivu-post-filters wp-block-group is-nowrap is-layout-flex wp-block-group-is-layout-flex\"\r\n\t\tstyle=\"margin-bottom:1.5em;opacity:1;\"\r\n\t\tdata-wp-style--opacity=\"context.cardOpacity\"\r\n\t\t\r\n\t>\r\n\t\t\r\n\t\t\t\t\t\t<div class=\"filterable-post-list-filters__region\">\r\n\t\t\t\t\t<select data-wp-on--change=\"actions.updateTaxonomy\" data-taxonomy=\"region\">\r\n\t\t\t\t\t\t<option value=\"\">All Regions<\/option>\r\n\t\t\t\t\t\t\t\t\t\t\t\t\t\t\t\t\t\t\t\t<option value=\"6\"  data-selected=\"\">Kyr\u00f6sj\u00e4rvi<\/option>\r\n\t\t\t\t\t\t\t\t\t\t\t\t\t\t\t\t\t\t\t\t<option value=\"7\"  data-selected=\"\">L\u00e4ngelm\u00e4vesi<\/option>\r\n\t\t\t\t\t\t\t\t\t\t\t\t\t\t\t\t\t\t\t\t<option value=\"10\"  data-selected=\"\">N\u00e4sij\u00e4rvi<\/option>\r\n\t\t\t\t\t\t\t\t\t\t\t\t\t\t\t\t\t\t\t\t<option value=\"12\"  data-selected=\"\">Pyh\u00e4j\u00e4rvi<\/option>\r\n\t\t\t\t\t\t\t\t\t\t\t\t\t\t\t\t\t\t\t\t<option value=\"30\"  data-selected=\"\">Rautavesi<\/option>\r\n\t\t\t\t\t\t\t\t\t\t\t\t\t\t\t\t\t\t\t\t<option value=\"14\"  data-selected=\"\">Ruovesi<\/option>\r\n\t\t\t\t\t\t\t\t\t\t\t\t\t\t\t\t\t\t\t\t<option value=\"31\"  data-selected=\"\">Tarjannevesi<\/option>\r\n\t\t\t\t\t\t\t\t\t\t\t\t\t\t\t\t\t\t\t\t<option value=\"32\"  data-selected=\"\">Toisvesi<\/option>\r\n\t\t\t\t\t\t\t\t\t\t\t<\/select>\r\n\t\t\t\t<\/div>\r\n\t\t\t\t\t\t\r\n\t<\/div>\r\n\t<span style=\"display:none;\" class=\"loader\" data-wp-style--display=\"context.loaderDisplay\"><\/span>\r\n\t<div style=\"opacity:1;\"\r\n\tclass=\"filterable-post-list-posts\"\r\n\r\n\tdata-wp-style--opacity=\"context.cardOpacity\"\r\n\t>\r\n\t\t<p>Resultados totales: <i>5<\/i><\/p>\r\n\t\t<div class=\"filterable-post-list-posts__container sivu-post-grid\">\r\n\t\t\t\t\t\t\t\t<a class=\"filterable-post-list-posts__item sivu-post-grid__post sivu-post-grid__post-permalink\" href=\"https:\/\/zanderland.fi\/espanol\/fish-species\/lucio\/\">\r\n\t\t\t\t\t\t<figure class=\"sivu-post-grid__post-thumbnail post-type-fish_species\">\r\n\t\t\t\t\t\t\t<img loading=\"lazy\" decoding=\"async\" width=\"920\" height=\"266\" src=\"https:\/\/zanderland.fi\/wp-content\/uploads\/2025\/11\/hauki_pike_Kuhamaa_Zanderland_Finland.png\" class=\"attachment-medium-large size-medium-large wp-post-image\" alt=\"\" srcset=\"https:\/\/zanderland.fi\/wp-content\/uploads\/2025\/11\/hauki_pike_Kuhamaa_Zanderland_Finland.png 920w, https:\/\/zanderland.fi\/wp-content\/uploads\/2025\/11\/hauki_pike_Kuhamaa_Zanderland_Finland-300x87.png 300w, https:\/\/zanderland.fi\/wp-content\/uploads\/2025\/11\/hauki_pike_Kuhamaa_Zanderland_Finland-768x222.png 768w\" sizes=\"auto, (max-width: 920px) 100vw, 920px\" \/>\t\t\t\t\t\t<\/figure>\r\n\t\t\t\t\t\t<div class=\"sivu-post-grid__post-content\">\r\n\t\t\t\t\t\t\t<div class=\"sivu-post-carousel__post-terms\">\r\n\t\t\t\t\t\t\t\t<span class=\"sivu-post-type-label\">Especies de peces<\/span> \t\t\t\t<span class=\"sivu-post-term\">\r\n\t\t\t\t\tL\u00e4ngelm\u00e4vesi\t\t\t\t<\/span>\r\n\t\t\t\t\t\t\t\t<span class=\"sivu-post-term\">\r\n\t\t\t\t\tN\u00e4sij\u00e4rvi\t\t\t\t<\/span>\r\n\t\t\t\t\t\t\t\t<span class=\"sivu-post-term\">\r\n\t\t\t\t\tRuovesi\t\t\t\t<\/span>\r\n\t\t\t\t\t\t\t\t<span class=\"sivu-post-term\">\r\n\t\t\t\t\tTarjannevesi\t\t\t\t<\/span>\r\n\t\t\t\t\t\t\t\t<span class=\"sivu-post-term\">\r\n\t\t\t\t\tLucio\t\t\t\t<\/span>\r\n\t\t\t\t\t\t\t\t\t\t\t<\/div>\r\n\t\t\t\t\t\t\t<h2 class=\"sivu-post-grid__post-title\">\r\n\t\t\t\t\t\t\t\tLucio\t\t\t\t\t\t\t<\/h2>\r\n\t\t\t\t\t\t\t<div class=\"sivu-post-grid__post-excerpt\">\r\n\t\t\t\t\t\t\t\t<p>Lucios gigantes en los lagos El lucio se encuentra en [&hellip;]<\/p>\n\t\t\t\t\t\t\t<\/div>\r\n\t\t\t\t\t\t<\/div>\r\n\t\t\t\t\t<\/a>\r\n\t\t\t\t\t\t\t\t\t\t<a class=\"filterable-post-list-posts__item sivu-post-grid__post sivu-post-grid__post-permalink\" href=\"https:\/\/zanderland.fi\/espanol\/fish-species\/perca\/\">\r\n\t\t\t\t\t\t<figure class=\"sivu-post-grid__post-thumbnail post-type-fish_species\">\r\n\t\t\t\t\t\t\t<img loading=\"lazy\" decoding=\"async\" width=\"612\" height=\"248\" src=\"https:\/\/zanderland.fi\/wp-content\/uploads\/2025\/11\/ahven_perch_Kuhamaa_Zanderland_Finland.png\" class=\"attachment-medium-large size-medium-large wp-post-image\" alt=\"\" srcset=\"https:\/\/zanderland.fi\/wp-content\/uploads\/2025\/11\/ahven_perch_Kuhamaa_Zanderland_Finland.png 612w, https:\/\/zanderland.fi\/wp-content\/uploads\/2025\/11\/ahven_perch_Kuhamaa_Zanderland_Finland-300x122.png 300w\" sizes=\"auto, (max-width: 612px) 100vw, 612px\" \/>\t\t\t\t\t\t<\/figure>\r\n\t\t\t\t\t\t<div class=\"sivu-post-grid__post-content\">\r\n\t\t\t\t\t\t\t<div class=\"sivu-post-carousel__post-terms\">\r\n\t\t\t\t\t\t\t\t<span class=\"sivu-post-type-label\">Especies de peces<\/span> \t\t\t\t<span class=\"sivu-post-term\">\r\n\t\t\t\t\tPerca\t\t\t\t<\/span>\r\n\t\t\t\t\t\t\t\t\t\t\t<\/div>\r\n\t\t\t\t\t\t\t<h2 class=\"sivu-post-grid__post-title\">\r\n\t\t\t\t\t\t\t\tPerca\t\t\t\t\t\t\t<\/h2>\r\n\t\t\t\t\t\t\t<div class=\"sivu-post-grid__post-excerpt\">\r\n\t\t\t\t\t\t\t\t<p>embiste impetuosamente La \u00e9poca de pesca de la perca empieza [&hellip;]<\/p>\n\t\t\t\t\t\t\t<\/div>\r\n\t\t\t\t\t\t<\/div>\r\n\t\t\t\t\t<\/a>\r\n\t\t\t\t\t\t\t\t\t\t<a class=\"filterable-post-list-posts__item sivu-post-grid__post sivu-post-grid__post-permalink\" href=\"https:\/\/zanderland.fi\/espanol\/fish-species\/familia-del-rutilo\/\">\r\n\t\t\t\t\t\t<figure class=\"sivu-post-grid__post-thumbnail post-type-fish_species\">\r\n\t\t\t\t\t\t\t<img loading=\"lazy\" decoding=\"async\" width=\"540\" height=\"150\" src=\"https:\/\/zanderland.fi\/wp-content\/uploads\/2025\/11\/sulkava.png\" class=\"attachment-medium-large size-medium-large wp-post-image\" alt=\"\" srcset=\"https:\/\/zanderland.fi\/wp-content\/uploads\/2025\/11\/sulkava.png 540w, https:\/\/zanderland.fi\/wp-content\/uploads\/2025\/11\/sulkava-300x83.png 300w\" sizes=\"auto, (max-width: 540px) 100vw, 540px\" \/>\t\t\t\t\t\t<\/figure>\r\n\t\t\t\t\t\t<div class=\"sivu-post-grid__post-content\">\r\n\t\t\t\t\t\t\t<div class=\"sivu-post-carousel__post-terms\">\r\n\t\t\t\t\t\t\t\t<span class=\"sivu-post-type-label\">Especies de peces<\/span> \t\t\t\t<span class=\"sivu-post-term\">\r\n\t\t\t\t\tBrema\t\t\t\t<\/span>\r\n\t\t\t\t\t\t\t\t<span class=\"sivu-post-term\">\r\n\t\t\t\t\tRutilo\t\t\t\t<\/span>\r\n\t\t\t\t\t\t\t\t\t\t\t<\/div>\r\n\t\t\t\t\t\t\t<h2 class=\"sivu-post-grid__post-title\">\r\n\t\t\t\t\t\t\t\tFamilia del rutilo\t\t\t\t\t\t\t<\/h2>\r\n\t\t\t\t\t\t\t<div class=\"sivu-post-grid__post-excerpt\">\r\n\t\t\t\t\t\t\t\t<p>Los peces de la familia del rutilo La Regi\u00f3n de [&hellip;]<\/p>\n\t\t\t\t\t\t\t<\/div>\r\n\t\t\t\t\t\t<\/div>\r\n\t\t\t\t\t<\/a>\r\n\t\t\t\t\t\t\t\t\t\t<a class=\"filterable-post-list-posts__item sivu-post-grid__post sivu-post-grid__post-permalink\" href=\"https:\/\/zanderland.fi\/espanol\/fish-species\/signal-crayfish\/\">\r\n\t\t\t\t\t\t<figure class=\"sivu-post-grid__post-thumbnail post-type-fish_species\">\r\n\t\t\t\t\t\t\t<img loading=\"lazy\" decoding=\"async\" width=\"920\" height=\"552\" src=\"https:\/\/zanderland.fi\/wp-content\/uploads\/2025\/11\/taplarapu_signal_crayfish_Kuhamaa_Zanderland_Finland.png\" class=\"attachment-medium-large size-medium-large wp-post-image\" alt=\"\" srcset=\"https:\/\/zanderland.fi\/wp-content\/uploads\/2025\/11\/taplarapu_signal_crayfish_Kuhamaa_Zanderland_Finland.png 920w, https:\/\/zanderland.fi\/wp-content\/uploads\/2025\/11\/taplarapu_signal_crayfish_Kuhamaa_Zanderland_Finland-300x180.png 300w, https:\/\/zanderland.fi\/wp-content\/uploads\/2025\/11\/taplarapu_signal_crayfish_Kuhamaa_Zanderland_Finland-768x461.png 768w\" sizes=\"auto, (max-width: 920px) 100vw, 920px\" \/>\t\t\t\t\t\t<\/figure>\r\n\t\t\t\t\t\t<div class=\"sivu-post-grid__post-content\">\r\n\t\t\t\t\t\t\t<div class=\"sivu-post-carousel__post-terms\">\r\n\t\t\t\t\t\t\t\t<span class=\"sivu-post-type-label\">Especies de peces<\/span> \t\t\t\t<span class=\"sivu-post-term\">\r\n\t\t\t\t\tN\u00e4sij\u00e4rvi\t\t\t\t<\/span>\r\n\t\t\t\t\t\t\t\t<span class=\"sivu-post-term\">\r\n\t\t\t\t\tCangrejo locales\t\t\t\t<\/span>\r\n\t\t\t\t\t\t\t\t<span class=\"sivu-post-term\">\r\n\t\t\t\t\tCangrejo noble\t\t\t\t<\/span>\r\n\t\t\t\t\t\t\t\t\t\t\t<\/div>\r\n\t\t\t\t\t\t\t<h2 class=\"sivu-post-grid__post-title\">\r\n\t\t\t\t\t\t\t\tLos cangrejos\t\t\t\t\t\t\t<\/h2>\r\n\t\t\t\t\t\t\t<div class=\"sivu-post-grid__post-excerpt\">\r\n\t\t\t\t\t\t\t\t<p>se\u00f1al abundantes en v\u00edas fluviales y lacustres La Regi\u00f3n de [&hellip;]<\/p>\n\t\t\t\t\t\t\t<\/div>\r\n\t\t\t\t\t\t<\/div>\r\n\t\t\t\t\t<\/a>\r\n\t\t\t\t\t\t\t\t\t\t<a class=\"filterable-post-list-posts__item sivu-post-grid__post sivu-post-grid__post-permalink\" href=\"https:\/\/zanderland.fi\/espanol\/fish-species\/lucioperca\/\">\r\n\t\t\t\t\t\t<figure class=\"sivu-post-grid__post-thumbnail post-type-fish_species\">\r\n\t\t\t\t\t\t\t<img loading=\"lazy\" decoding=\"async\" width=\"920\" height=\"295\" src=\"https:\/\/zanderland.fi\/wp-content\/uploads\/2025\/11\/kuha_zander_Kuhamaa_Zanderland_Finland.png\" class=\"attachment-medium-large size-medium-large wp-post-image\" alt=\"\" srcset=\"https:\/\/zanderland.fi\/wp-content\/uploads\/2025\/11\/kuha_zander_Kuhamaa_Zanderland_Finland.png 920w, https:\/\/zanderland.fi\/wp-content\/uploads\/2025\/11\/kuha_zander_Kuhamaa_Zanderland_Finland-300x96.png 300w, https:\/\/zanderland.fi\/wp-content\/uploads\/2025\/11\/kuha_zander_Kuhamaa_Zanderland_Finland-768x246.png 768w\" sizes=\"auto, (max-width: 920px) 100vw, 920px\" \/>\t\t\t\t\t\t<\/figure>\r\n\t\t\t\t\t\t<div class=\"sivu-post-grid__post-content\">\r\n\t\t\t\t\t\t\t<div class=\"sivu-post-carousel__post-terms\">\r\n\t\t\t\t\t\t\t\t<span class=\"sivu-post-type-label\">Especies de peces<\/span> \t\t\t\t<span class=\"sivu-post-term\">\r\n\t\t\t\t\tKyr\u00f6sj\u00e4rvi\t\t\t\t<\/span>\r\n\t\t\t\t\t\t\t\t<span class=\"sivu-post-term\">\r\n\t\t\t\t\tPyh\u00e4j\u00e4rvi\t\t\t\t<\/span>\r\n\t\t\t\t\t\t\t\t<span class=\"sivu-post-term\">\r\n\t\t\t\t\tRautavesi\t\t\t\t<\/span>\r\n\t\t\t\t\t\t\t\t<span class=\"sivu-post-term\">\r\n\t\t\t\t\tRuovesi\t\t\t\t<\/span>\r\n\t\t\t\t\t\t\t\t<span class=\"sivu-post-term\">\r\n\t\t\t\t\tLucioperca\t\t\t\t<\/span>\r\n\t\t\t\t\t\t\t\t\t\t\t<\/div>\r\n\t\t\t\t\t\t\t<h2 class=\"sivu-post-grid__post-title\">\r\n\t\t\t\t\t\t\t\tLucioperca\t\t\t\t\t\t\t<\/h2>\r\n\t\t\t\t\t\t\t<div class=\"sivu-post-grid__post-excerpt\">\r\n\t\t\t\t\t\t\t\t<p>El pescador de lucioperca prefiere los veranos calurosos En los [&hellip;]<\/p>\n\t\t\t\t\t\t\t<\/div>\r\n\t\t\t\t\t\t<\/div>\r\n\t\t\t\t\t<\/a>\r\n\t\t\t\t\t\t\t<\/div>\r\n\r\n\t\t\t\t<div class=\"filterable-post-list-posts__navigation\">\r\n\t\t\t<div class=\"filterable-post-list-posts__navigation--previous\">\r\n\t\t\t\t\t\t<\/div>\r\n\r\n\t\t\t<div class=\"filterable-post-list-posts__navigation--next\">\r\n\t\t\t\t\t\t<\/div>\r\n\t\t<\/div>\r\n\t\t\t<\/div>\r\n<\/div>\r\n\n\n<h2 style=\"margin-top: 3rem;\">Game fish species in the Tampere Region<\/h2><table class=\"fish-details-table\"><thead><tr><th colspan=\"2\">Especies de peces<\/th><th>Generally smallest permitted size (cm)<\/th><th>Closed season<\/th><th>Best season (Lakes)<\/th><th>Best season (Rapids)<\/th><th>Typical size (kg)<\/th><th>Likely size (kg)<\/th><th>Jackpot size (kg)<\/th><\/tr><\/thead><tbody><tr><td><span>Asp<\/span><\/td><td><img decoding=\"async\" src=\"\" alt=\"Asp\" \/><\/td><td><\/td><td><\/td><td><\/td><td><\/td><td><\/td><td><\/td><td><\/td><\/tr><tr><td><span>Whitefish<\/span><\/td><td><img decoding=\"async\" src=\"\" alt=\"Whitefish\" \/><\/td><td><\/td><td><\/td><td><\/td><td><\/td><td><\/td><td><\/td><td><\/td><\/tr><tr><td><span>Grayling<\/span><\/td><td><img decoding=\"async\" src=\"\" alt=\"Grayling\" \/><\/td><td><\/td><td><\/td><td><\/td><td><\/td><td><\/td><td><\/td><td><\/td><\/tr><tr><td><span>Brown trout<\/span><\/td><td><img decoding=\"async\" src=\"\" alt=\"Brown trout\" \/><\/td><td><\/td><td><\/td><td><\/td><td><\/td><td><\/td><td><\/td><td><\/td><\/tr><tr><td><span>Landlocked salmon<\/span><\/td><td><img decoding=\"async\" src=\"\" alt=\"Landlocked salmon\" \/><\/td><td><\/td><td><\/td><td><\/td><td><\/td><td><\/td><td><\/td><td><\/td><\/tr><tr><td><a href=\"https:\/\/zanderland.fi\/espanol\/fish-species\/lucioperca\/\">Lucioperca<\/a><\/td><td><img decoding=\"async\" src=\"https:\/\/zanderland.fi\/wp-content\/uploads\/2025\/11\/kuha_zander_Kuhamaa_Zanderland_Finland.png\" alt=\"Lucioperca\" \/><\/td><td>42<\/td><td><\/td><td>10.6.-31.8<\/td><td><\/td><td>0-2<\/td><td>2-6<\/td><td>6-11<\/td><\/tr><tr><td><a href=\"https:\/\/zanderland.fi\/espanol\/fish-species\/lucio\/\">Lucio<\/a><\/td><td><img decoding=\"async\" src=\"https:\/\/zanderland.fi\/wp-content\/uploads\/2025\/11\/hauki_pike_Kuhamaa_Zanderland_Finland.png\" alt=\"Lucio\" \/><\/td><td><\/td><td><\/td><td>20.5.-15.11<\/td><td><\/td><td>0.5-3<\/td><td>3-10<\/td><td>10-16<\/td><\/tr><tr><td><a href=\"https:\/\/zanderland.fi\/espanol\/fish-species\/perca\/\">Perca<\/a><\/td><td><img decoding=\"async\" src=\"https:\/\/zanderland.fi\/wp-content\/uploads\/2025\/11\/ahven_perch_Kuhamaa_Zanderland_Finland.png\" alt=\"Perca\" \/><\/td><td><\/td><td><\/td><td>15.6.-30.9. 1.3.-15.4. ice-fishing<\/td><td><\/td><td>0.02-0.5<\/td><td>0.5-1<\/td><td>1-2,5<\/td><\/tr><tr><td><a href=\"https:\/\/zanderland.fi\/espanol\/fish-species\/signal-crayfish\/\">Los cangrejos<\/a><\/td><td><img decoding=\"async\" src=\"https:\/\/zanderland.fi\/wp-content\/uploads\/2025\/11\/taplarapu_signal_crayfish_Kuhamaa_Zanderland_Finland.png\" alt=\"Los cangrejos\" \/><\/td><td>Local regulations may exist.<\/td><td>1.11.-21.7. (at 12.00 noon)<\/td><td>1.8.-30.9.<\/td><td><\/td><td><\/td><td><\/td><td><\/td><\/tr><\/tbody><\/table><p style=\"font-size: 0.9rem; margin-top: 0.5rem;\">* Adipose fin-clipped brown trout. Brown trout is totally protected in the inland waters south of 64.00\u00ba north latitude except adipose fin-clipped brown trout.<\/p>","protected":false},"excerpt":{"rendered":"<p>En las aguas de la regi\u00f3n Tampere viven 40 especies [&hellip;]<\/p>\n","protected":false},"author":1,"featured_media":436,"parent":0,"menu_order":0,"comment_status":"closed","ping_status":"closed","template":"","meta":{"footnotes":""},"class_list":["post-272","page","type-page","status-publish","has-post-thumbnail","hentry"],"_links":{"self":[{"href":"https:\/\/zanderland.fi\/espanol\/wp-json\/wp\/v2\/pages\/272","targetHints":{"allow":["GET"]}}],"collection":[{"href":"https:\/\/zanderland.fi\/espanol\/wp-json\/wp\/v2\/pages"}],"about":[{"href":"https:\/\/zanderland.fi\/espanol\/wp-json\/wp\/v2\/types\/page"}],"author":[{"embeddable":true,"href":"https:\/\/zanderland.fi\/espanol\/wp-json\/wp\/v2\/users\/1"}],"replies":[{"embeddable":true,"href":"https:\/\/zanderland.fi\/espanol\/wp-json\/wp\/v2\/comments?post=272"}],"version-history":[{"count":4,"href":"https:\/\/zanderland.fi\/espanol\/wp-json\/wp\/v2\/pages\/272\/revisions"}],"predecessor-version":[{"id":387,"href":"https:\/\/zanderland.fi\/espanol\/wp-json\/wp\/v2\/pages\/272\/revisions\/387"}],"wp:featuredmedia":[{"embeddable":true,"href":"https:\/\/zanderland.fi\/espanol\/wp-json\/wp\/v2\/media\/436"}],"wp:attachment":[{"href":"https:\/\/zanderland.fi\/espanol\/wp-json\/wp\/v2\/media?parent=272"}],"curies":[{"name":"wp","href":"https:\/\/api.w.org\/{rel}","templated":true}]}}