{"id":48,"date":"2025-10-24T16:45:39","date_gmt":"2025-10-24T16:45:39","guid":{"rendered":"https:\/\/zanderland.fi\/espanol\/?page_id=48"},"modified":"2026-04-20T09:45:16","modified_gmt":"2026-04-20T06:45:16","slug":"home-page","status":"publish","type":"page","link":"https:\/\/zanderland.fi\/espanol\/","title":{"rendered":"Home page"},"content":{"rendered":"\n<div class=\"wp-block-cover alignfull has-custom-content-position is-position-bottom-center\" style=\"min-height:500px;aspect-ratio:unset;\"><img loading=\"lazy\" decoding=\"async\" width=\"1024\" height=\"683\" class=\"wp-block-cover__image-background wp-image-514 size-large\" alt=\"\" src=\"https:\/\/zanderland.fi\/wp-content\/uploads\/2026\/03\/Etusivu_Kuhamaa_Zanderland_Tampere_Region_Finland_1920-1024x683.jpg\" data-object-fit=\"cover\" srcset=\"https:\/\/zanderland.fi\/wp-content\/uploads\/2026\/03\/Etusivu_Kuhamaa_Zanderland_Tampere_Region_Finland_1920-1024x683.jpg 1024w, https:\/\/zanderland.fi\/wp-content\/uploads\/2026\/03\/Etusivu_Kuhamaa_Zanderland_Tampere_Region_Finland_1920-300x200.jpg 300w, https:\/\/zanderland.fi\/wp-content\/uploads\/2026\/03\/Etusivu_Kuhamaa_Zanderland_Tampere_Region_Finland_1920-768x512.jpg 768w, https:\/\/zanderland.fi\/wp-content\/uploads\/2026\/03\/Etusivu_Kuhamaa_Zanderland_Tampere_Region_Finland_1920-1536x1024.jpg 1536w, https:\/\/zanderland.fi\/wp-content\/uploads\/2026\/03\/Etusivu_Kuhamaa_Zanderland_Tampere_Region_Finland_1920.jpg 1920w\" sizes=\"auto, (max-width: 1024px) 100vw, 1024px\" \/><span aria-hidden=\"true\" class=\"wp-block-cover__background has-background-dim wp-block-cover__gradient-background has-background-gradient\" style=\"background:linear-gradient(180deg,rgba(0,0,0,0) 50%,rgb(0,0,0) 100%)\"><\/span><div class=\"wp-block-cover__inner-container has-global-padding is-layout-constrained wp-block-cover-is-layout-constrained\">\n<h1 class=\"wp-block-heading has-text-align-left has-white-color has-text-color has-link-color wp-elements-e9e61957b866fd5ebaca6e7086883e6b\" style=\"margin-top:0;margin-bottom:0;font-size:50px;line-height:1.3\">\u00a1El sue\u00f1o de cualquier pescador de agua dulce hecho realidad!<\/h1>\n\n\n\n<p class=\"has-white-color has-text-color has-link-color wp-elements-c3416fdefd8205eb6a2e58da941e568a\" style=\"margin-top:var(--wp--preset--spacing--30);margin-bottom:var(--wp--preset--spacing--60)\">Finlandia es la tierra de los miles de lagos. La regi\u00f3n de Tampere, situada al oeste del Distrito de los Lagos, es ideal para la pesca. \u00a1Bienvenidos a la regi\u00f3n de Tampere!<\/p>\n<\/div><\/div>\n\n\n\n<h2 class=\"wp-block-heading\"><strong>Zonas de pesca y servicios en la regi\u00f3n de Tampere, Finlandia<\/strong><\/h2>\n\n\n\n<p>Finlandia es el pa\u00eds de los mil y un lagos. La riqueza fluvial y lacustre, fruto de la era glacial, combinada con comunicaciones y servicios excelentes convierten a nuestro pa\u00eds en la tierra prometida del pescador. Le est\u00e1n esperando las azules inmensidades de aguas sembradas de islotes y las caba\u00f1as en costas e islas.<\/p>\n\n\n\n<p>La regi\u00f3n de Tampere, ubicada en la Finlandia Lacustre Occidental, est\u00e1 hecha expresamente para los pescadores. No hay m\u00e1s que pensar que aqu\u00ed el agua supone el 15 % de la superficie. As\u00ed, nuestra regi\u00f3n ofrece innumerables posibilidades para practicar las diferentes modalidades de pesca durante todo el a\u00f1o.<\/p>\n\n\n\n<p>En este sitio de Internet se encuentran los datos m\u00e1s relevantes sobre los lugares de pesca en la regi\u00f3n de Tampere, las especies de peces y las licencias de pesca necesarias. Les mostramos tambi\u00e9n enclaves de alojamiento de ensue\u00f1o, desde donde aventurarse a excursiones de pesca o de marisqueo de cangrejos, as\u00ed como los servicios ofrecidos por los gu\u00edas de pesca. Muchos de los lagos de nuestra regi\u00f3n se encuentran entre las aguas m\u00e1s ricas en luciopercas de Finlandia, de modo que la regi\u00f3n es una aut\u00e9ntica Zanderlandia.<\/p>\n\n\n\n<div class=\"wp-block-columns are-vertically-aligned-center is-layout-flex wp-container-core-columns-is-layout-6f2f86d7 wp-block-columns-is-layout-flex\" style=\"margin-top:var(--wp--preset--spacing--70);margin-bottom:var(--wp--preset--spacing--70)\">\n<div class=\"wp-block-column is-vertically-aligned-center is-layout-flow wp-block-column-is-layout-flow\">\n<figure class=\"wp-block-image size-full\"><img loading=\"lazy\" decoding=\"async\" width=\"672\" height=\"647\" src=\"https:\/\/zanderland.fi\/wp-content\/uploads\/2026\/04\/kartta-kuvankaappaus.png\" alt=\"\" class=\"wp-image-568\" style=\"aspect-ratio:1;object-fit:cover\" srcset=\"https:\/\/zanderland.fi\/wp-content\/uploads\/2026\/04\/kartta-kuvankaappaus.png 672w, https:\/\/zanderland.fi\/wp-content\/uploads\/2026\/04\/kartta-kuvankaappaus-300x289.png 300w\" sizes=\"auto, (max-width: 672px) 100vw, 672px\" \/><\/figure>\n<\/div>\n\n\n\n<div class=\"wp-block-column is-vertically-aligned-center is-layout-flow wp-block-column-is-layout-flow\">\n<h2 class=\"wp-block-heading\">Ubicaciones y servicios de pesca en un mapa<\/h2>\n\n\n\n<p>En los mapas encontrar\u00e1 las zonas con permiso \u00fanico y los r\u00e1pidos para pescar con se\u00f1uelo en los grandes lagos, as\u00ed como el alojamiento que necesita, que puede elegir seg\u00fan sus necesidades. Si busca un servicio de gu\u00eda para una excursi\u00f3n de pesca para los clientes o el personal de su empresa, por ejemplo, nuestros gu\u00edas de pesca est\u00e1n a su disposici\u00f3n. Un gu\u00eda le llevar\u00e1 a los mejores lugares y le revelar\u00e1 los secretos de la pesca. O al menos una peque\u00f1a parte de ellos.<\/p>\n\n\n\n<div class=\"wp-block-buttons is-layout-flex wp-block-buttons-is-layout-flex\">\n<div class=\"wp-block-button\"><a class=\"wp-block-button__link wp-element-button\" href=\"\/espanol\/mapa\/\">Consulta en el mapa<\/a><\/div>\n<\/div>\n<\/div>\n<\/div>\n\n\n\n<h2 class=\"wp-block-heading\">Otras atracciones que ver y disfrutar<\/h2>\n\n\n\n<p>Adem\u00e1s de las excelentes aguas para pesca, en la regi\u00f3n de Tampere existen muchas otras ofertas. La tercera ciudad m\u00e1s grande de Finlandia, con sus 200.000 habitantes, Tampere es un moderno centro cultural y empresarial que ofrece centros comerciales, restaurantes, museos, teatros, parque de atracciones y una gran variedad de acontecimientos. A su vez, en los senderos de los bosques y de los parques naturales de la regi\u00f3n encontrar\u00e1 la paz y el silencio en una naturaleza fant\u00e1stica.<\/p>\n\n\n\n<p><strong>\u00a1Bienvenidos a pescar a la regi\u00f3n de Tampere!<\/strong><\/p>\n","protected":false},"excerpt":{"rendered":"<p>Zonas de pesca y servicios en la regi\u00f3n de Tampere, [&hellip;]<\/p>\n","protected":false},"author":1,"featured_media":0,"parent":0,"menu_order":0,"comment_status":"closed","ping_status":"closed","template":"","meta":{"footnotes":""},"class_list":["post-48","page","type-page","status-publish","hentry"],"_links":{"self":[{"href":"https:\/\/zanderland.fi\/espanol\/wp-json\/wp\/v2\/pages\/48","targetHints":{"allow":["GET"]}}],"collection":[{"href":"https:\/\/zanderland.fi\/espanol\/wp-json\/wp\/v2\/pages"}],"about":[{"href":"https:\/\/zanderland.fi\/espanol\/wp-json\/wp\/v2\/types\/page"}],"author":[{"embeddable":true,"href":"https:\/\/zanderland.fi\/espanol\/wp-json\/wp\/v2\/users\/1"}],"replies":[{"embeddable":true,"href":"https:\/\/zanderland.fi\/espanol\/wp-json\/wp\/v2\/comments?post=48"}],"version-history":[{"count":15,"href":"https:\/\/zanderland.fi\/espanol\/wp-json\/wp\/v2\/pages\/48\/revisions"}],"predecessor-version":[{"id":569,"href":"https:\/\/zanderland.fi\/espanol\/wp-json\/wp\/v2\/pages\/48\/revisions\/569"}],"wp:attachment":[{"href":"https:\/\/zanderland.fi\/espanol\/wp-json\/wp\/v2\/media?parent=48"}],"curies":[{"name":"wp","href":"https:\/\/api.w.org\/{rel}","templated":true}]}}